thousands digit of 618312365?
1
What is the units digit of 96945099?
9
What is the millions digit of 53281537?
3
What is the ten millions digit of 129362672?
2
What is the hundred thousands digit of 124960748?
9
What is the millions digit of 5580179670?
0
What is the hundreds digit of 128305871?
8
What is the tens digit of 677558870?
7
What is the thousands digit of 793980500?
0
What is the ten millions digit of 2284267648?
8
What is the ten millions digit of 266274414?
6
What is the ten millions digit of 97874484?
9
What is the thousands digit of 411529459?
9
What is the tens digit of 746612307?
0
What is the hundreds digit of 27443129?
1
What is the ten millions digit of 19101532?
1
What is the ten millions digit of 46691640?
4
What is the ten thousands digit of 7973735?
7
What is the units digit of 6573290?
0
What is the hundred millions digit of 113837621?
1
What is the millions digit of 173288248?
3
What is the tens digit of 18847863?
6
What is the ten millions digit of 64822952?
6
What is the hundred thousands digit of 72297013?
2
What is the millions digit of 915015489?
5
What is the ten millions digit of 3960981644?
6
What is the millions digit of 210849824?
0
What is the ten millions digit of 5965908561?
6
What is the ten thousands digit of 449329561?
2
What is the hundreds digit of 23698886?
8
What is the millions digit of 3814488252?
4
What is the hundreds digit of 51659372?
3
What is the hundred thousands digit of 2394811318?
8
What is the ten thousands digit of 330305651?
0
What is the millions digit of 112691722?
2
What is the ten thousands digit of 191354714?
5
What is the thousands digit of 173881272?
1
What is the thousands digit of 2289213686?
3
What is the millions digit of 104241566?
4
What is the ten millions digit of 380288452?
8
What is the units digit of 12155432?
2
What is the ten millions digit of 2133067256?
3
What is the ten thousands digit of 5195068207?
6
What is the ten millions digit of 119933390?
1
What is the ten millions digit of 205900194?
0
What is the millions digit of 445251882?
5
What is the hundred thousands digit of 75106226?
1
What is the thousands digit of 10071680?
1
What is the tens digit of 61996553?
5
What is the hundreds digit of 2781509087?
0
What is the millions digit of 63145318?
3
What is the tens digit of 712425429?
2
What is the tens digit of 677969127?
2
What is the hundred millions digit of 301158859?
3
What is the ten thousands digit of 53316561?
1
What is the ten millions digit of 1595481957?
9
What is the tens digit of 141259081?
8
What is the millions digit of 78293213?
8
What is the hundred millions digit of 193050701?
1
What is the ten thousands digit of 35672868?
7
What is the ten millions digit of 148655502?
4
What is the ten millions digit of 32457811?
3
What is the hundreds digit of 65339308?
3
What is the tens digit of 6664146986?
8
What is the ten thousands digit of 108459347?
5
What is the ten thousands digit of 1225358226?
5
What is the units digit of 61045924?
4
What is the units digit of 47354635?
5
What is the hundred thousands digit of 1777150107?
1
What is the thousands digit of 2629037322?
7
What is the thousands digit of 484273683?
3
What is the hundreds digit of 37157823?
8
What is the millions digit of 21260121?
1
What is the thousands digit of 1356267?
6
What is the ten millions digit of 859257727?
5
What is the millions digit of 394903629?
4
What is the tens digit of 471386462?
6
What is the millions digit of 69983866?
9
What is the ten millions digit of 6397043399?
9
What is the hundreds digit of 433019353?
3
What is the hundred thousands digit of 1429097864?
0
What is the tens digit of 259476790?
9
What is the thousands digit of 153809026?
9
What is the tens digit of 1970586699?
9
What is the hundred thousands digit of 38670501?
6
What is the units digit of 6530260?
0
What is the thousands digit of 86941313?
1
What is the hundreds digit of 492026616?
6
What is the units digit of 497327645?
5
What is the units digit of 7805889?
9
What is the units digit of 816409424?
4
What is the thousands digit of 63005924?
5
What is the millions digit of 41239867?
1
What is the ten millions digit of 355161217?
5
What is the ten thousands digit of 326311537?
1
What is the hundred thousands digit of 102893453?
8
What is the thousands digit of 5135437?
5
What is the hundred thousands digit of 779994516?
9
What is the thousands digit of 529111468?
1
What is the thousands digit of 173825519?
5
What is the millions digit of 1447547156?
7
What is the ten thousands digit of 47736817?
3
What is the units digit of 2518512502?
2
What is the ten thousands digit of 83278533?
7
What is the ten millions digit of 307028988?
0
What is the millions digit of 426888319?
6
What is the hundred thousands digit of 5058928423?
9
What is the hundreds digit of 82637495?
4
What is the ten millions digit of 430661492?
3
What is the thousands digit of 257905722?
5
What is the millions digit of 6345890108?
5
What is the units digit of 27210307?
7
What is the billions digit of 1059594173?
1
What is the hundred millions digit of 594496479?
5
What is the hundred thousands digit of 431600645?
6
What is the hundreds digit of 785575622?
6
What is the ten millions digit of 31335071?
3
What is the units digit of 295501672?
2
What is the units digit of 318317965?
5
What is the hundred millions digit of 1042372983?
0
What is the ten millions digit of 478468617?
7
What is the ten millions digit of 1589966214?
8
What is the billions digit of 1493677827?
1
What is the hundreds digit of 57442569?
5
What is the ten millions digit of 88016242?
8
What is the hundred thousands digit of 17917697?
9
What is the tens digit of 599618460?
6
What is the hundred millions digit of 169819502?
1
What is the hundreds digit of 1425798166?
1
What is the hundred thousands digit of 5450096?
4
What is the hundred thousands digit of 47406313?
4
What is the tens digit of 1277518462?
6
What is the ten thousands digit of 2277777233?
7
What is the hundred millions digit of 116553457?
1
What is the thousands digit of 638734586?
4
What is the tens digit of 121666640?
4
What is the billions digit of 5259560749?
5
What is the hundred thousands digit of 21009020?
0
What is the billions digit of 6204625922?
6
What is the hundred thousands digit of 13054369?
0
What is the thousands digit of 502974981?
4
What is the millions digit of 68424721?
8
What is the hundreds digit of 194784814?
8
What is the millions digit of 58113805?
8
What is the units digit of 46858795?
5
What is the ten millions digit of 333101803?
3
What is the billions digit of 1075140100?
1
What is the hundreds digit of 14948265?
2
What is the millions digit of 33762949?
3
What is the thousands digit of 832301497?
1
What is the millions digit of 241730101?
1
What is the hundreds digit of 1231514485?
4
What is the ten millions digit of 2604086521?
0
What is the hundred millions digit of 3315043826?
3
What is the tens digit of 118819972?
7
What is the hundred millions digit of 3438126002?
4
What is the tens digit of 63951688?
8
What is the tens digit of 85420253?
5
What is the thousands digit of 1603905550?
5
What is the millions digit of 272341484?
2
What is the ten millions digit of 1239767486?
3
What is the hundred millions digit of 8616262692?
6
What is the units digit of 226939910?
0
What is the hundred thousands digit of 139431965?
4
What is the ten millions digit of 438099402?
3
What is the units digit of 4763748999?
9
What is the ten thousands digit of 530326398?
2
What is the units digit of 4310844877?
7
What is the hundreds digit of 1156686478?
4
What is the thousands digit of 47680655?
0
What is the hundred thousands digit of 81336516?
3
What is the ten thousands digit of 571528949?
2
What is the millions digit of 14017229?
4
What is the units digit of 5836029494?
4
What is the hundreds digit of 68432688?
6
What is the hundred millions digit of 194186048?
1
What is the hundred millions digit of 451083501?
4
What is the thousands digit of 136117062?
7
What is the tens digit of 9632880?
8
What is the units digit of 2556532832?
2
What is the hundred thousands digit of 853393100?
3
What is the ten millions digit of 23278925?
2
What is the thousands digit of 8484858?
4
What is 